and 99765.
3695
Calculate the greatest common factor of 55 and 7537497.
11
Calculate the greatest common factor of 79432198 and 745.
149
What is the greatest common factor of 18592 and 114604?
28
Calculate the greatest common factor of 5430 and 1050162.
1086
Calculate the highest common divisor of 22 and 51731702.
22
Calculate the highest common divisor of 190 and 1848985.
95
What is the highest common divisor of 23099582 and 7964?
3982
Calculate the highest common divisor of 1377081 and 1906001.
1889
What is the greatest common divisor of 486 and 470034?
18
What is the highest common factor of 2561853184 and 328?
328
What is the highest common factor of 1984 and 12710080?
64
What is the highest common factor of 690 and 7404270?
30
Calculate the greatest common factor of 190458 and 24732.
54
What is the highest common factor of 65459262 and 311103?
7977
Calculate the greatest common divisor of 2832 and 121344.
48
Calculate the greatest common factor of 12555 and 25482.
93
Calculate the highest common divisor of 612 and 9297028.
68
Calculate the greatest common factor of 255 and 28271.
17
Calculate the highest common divisor of 189 and 185066.
7
Calculate the highest common divisor of 4970 and 26754.
14
Calculate the highest common factor of 9405525 and 150.
75
What is the greatest common factor of 529 and 12728131?
23
Calculate the highest common divisor of 1184 and 322176.
32
What is the highest common factor of 7500 and 136023750?
3750
Calculate the greatest common factor of 10173763 and 244.
61
Calculate the greatest common factor of 9676 and 1518306.
118
Calculate the greatest common factor of 1163875 and 38125.
125
Calculate the highest common factor of 94156976 and 67.
67
Calculate the highest common divisor of 17435424 and 160.
32
What is the greatest common divisor of 341 and 25534421?
341
Calculate the highest common divisor of 75847 and 1728896.
1039
Calculate the highest common divisor of 332671039 and 254.
127
Calculate the greatest common divisor of 155788 and 5365522.
4582
What is the highest common factor of 400888686 and 15532?
7766
What is the highest common divisor of 911862 and 1925?
7
What is the highest common factor of 1062595 and 1703011?
953
Calculate the greatest common divisor of 126540 and 43074.
18
Calculate the greatest common factor of 1805358 and 174.
6
Calculate the greatest common factor of 19708549 and 7.
7
Calculate the highest common factor of 24293968 and 64.
16
What is the highest common divisor of 2812762 and 376?
94
Calculate the greatest common factor of 53606 and 1568.
98
Calculate the highest common divisor of 35 and 41897765.
35
What is the highest common divisor of 2598668 and 11030?
2206
Calculate the greatest common factor of 1429827 and 399.
21
Calculate the greatest common divisor of 665 and 92557645.
95
What is the highest common divisor of 4895601 and 7467?
393
Calculate the highest common factor of 55944 and 2258172.
756
What is the greatest common divisor of 826 and 52781554?
14
Calculate the highest common divisor of 93036 and 8352.
12
What is the greatest common divisor of 6657428 and 1413?
157
What is the highest common divisor of 15889302 and 65?
13
Calculate the greatest common divisor of 15 and 147015605.
5
What is the greatest common divisor of 6885 and 12102810?
255
What is the greatest common factor of 11172 and 224?
28
Calculate the highest common divisor of 208844484 and 12.
12
Calculate the highest common divisor of 32 and 227896544.
32
What is the highest common divisor of 861763 and 1038751?
2107
Calculate the greatest common divisor of 9144 and 471490929.
1143
What is the highest common factor of 11582783 and 526?
263
Calculate the greatest common divisor of 3131856 and 5551.
91
What is the highest common divisor of 14266183 and 878?
439
Calculate the greatest common divisor of 293132 and 217.
7
What is the highest common divisor of 1134 and 3575700?
18
What is the highest common divisor of 40641 and 1760397?
2139
What is the greatest common divisor of 576 and 46140608?
64
Calculate the greatest common divisor of 35610 and 1066290.
30
What is the highest common divisor of 6155320 and 2370?
10
Calculate the greatest common factor of 121179 and 58.
1
What is the highest common divisor of 84 and 6566252?
28
What is the highest common factor of 345 and 19620771?
69
Calculate the greatest common factor of 169235 and 10926608.
1991
Calculate the highest common divisor of 3857 and 5576613.
203
What is the highest common divisor of 268 and 40611916?
268
What is the greatest common divisor of 606 and 10851238?
202
Calculate the highest common divisor of 8 and 10543336.
8
What is the greatest common factor of 224 and 111886768?
112
Calculate the greatest common divisor of 4146 and 109307217.
2073
Calculate the highest common factor of 19416820 and 4.
4
What is the highest common divisor of 1216991648 and 816?
272
Calculate the greatest common divisor of 4110432 and 6952992.
4512
What is the greatest common divisor of 1929631 and 52624?
253
What is the greatest common factor of 173 and 27433821?
173
What is the greatest common factor of 83479 and 9911?
11
What is the highest common divisor of 12243183 and 237?
237
What is the greatest common divisor of 4015994 and 1141?
163
Calculate the highest common divisor of 2064 and 8060436.
516
Calculate the highest common divisor of 4779645 and 26670.
1905
Calculate the greatest common divisor of 33744 and 12084.
228
What is the greatest common factor of 254 and 17466183?
127
What is the greatest common divisor of 811 and 49373680?
811
What is the highest common factor of 169 and 41804347?
169
Calculate the greatest common divisor of 646659 and 1425.
3
Calculate the highest common factor of 4248 and 762044.
236
Calculate the highest common factor of 106 and 293672.
2
What is the greatest common divisor of 126088 and 3232?
8
What is the greatest common factor of 28871388 and 91?
91
Calculate the greatest common divisor of 81 and 10546308.
27
Calculate the highest common factor of 12406069 and 9139.
247
What is the greatest common factor of 82 and 25551856?
82
What is the greatest common factor of 4251 and 23567871?
327
What is the highest common divisor of 4016 and 3878672?
16
What is the highest common factor of 3 and 3785889?
3
What is the highest common factor of 40594528 and 312?
104
What is the greatest common factor of 1016 and 17185640?
1016
What is the greatest common divisor of 2 and 5300686?
2
Calculate the greatest common factor of 24528676 and 4.
4
What is the greatest common factor of 385035 and 77805?
1995
What is the highest common factor of 1350 and 35626050?
450
What is the highest common factor of 20970516 and 4059?
123
Calculate the greatest common divisor of 31996174 and 1058.
46
What is the highest common divisor of 167536445 and 85?
85
What is the greatest common factor of 26751 and 955155?
111
Calculate the highest common divisor of 127553 and 115299.
557
What is the highest common factor of 21316 and 37157?
73
What is the highest common factor of 75 and 1487215175?
25
What is the greatest common factor of 296 and 2650504?
8
What is the highest common factor of 11 and 8506707?
11
Calculate the greatest common divisor of 46 and 76351007.
23
What is the greatest common factor of 767664 and 783?
27
Calculate the highest common divisor of 47313114 and 3478.
94
What is the highest common factor of 52 and 11434579?
13
Calculate the greatest common factor of 4405701 and 8436.
2109
What is the greatest common factor of 473760 and 18988?
188
Calculate the greatest common factor of 1085913 and 16539.
111
What is the highest common factor of 59709330 and 243?
9
Calculate the greatest common factor of 459215 and 1102.
29
Calculate the highest common divisor of 954 and 1516869.
9
What is the greatest common divisor of 15 and 49903722?
3
Calculate the greatest common divisor of 37776 and 1020.
12
What is the highest common factor of 6 and 121815154?
2
What is the highest common divisor of 181218 and 32?
2
Calculate the greatest common factor of 231 and 17608416.
21
What is the highest common factor of 690 and 1393260?
30
What is the greatest common factor of 4648492 and 1180?
236
Calculate the highest common divisor of 470789 and 101